{"id":865,"date":"2020-09-21T08:42:32","date_gmt":"2020-09-21T08:42:32","guid":{"rendered":"https:\/\/ecotono.org.es\/?page_id=865"},"modified":"2021-02-06T10:29:02","modified_gmt":"2021-02-06T10:29:02","slug":"blog-2","status":"publish","type":"page","link":"https:\/\/ecotono.org.es\/?page_id=865","title":{"rendered":"Blog 2"},"content":{"rendered":"\t\t<div data-elementor-type=\"wp-page\" data-elementor-id=\"865\" class=\"elementor elementor-865\" data-elementor-post-type=\"page\">\n\t\t\t\t\t\t<section class=\"elementor-section elementor-top-section elementor-element elementor-element-1dbc5c1 elementor-section-boxed elementor-section-height-default elementor-section-height-default\" data-id=\"1dbc5c1\" data-element_type=\"section\">\n\t\t\t\t\t\t<div class=\"elementor-container elementor-column-gap-default\">\n\t\t\t\t\t<div class=\"elementor-column elementor-col-100 elementor-top-column elementor-element elementor-element-637401a\" data-id=\"637401a\" data-element_type=\"column\">\n\t\t\t<div class=\"elementor-widget-wrap elementor-element-populated\">\n\t\t\t\t\t\t<div class=\"elementor-element elementor-element-4461c07 elementor-widget elementor-widget-heading\" data-id=\"4461c07\" data-element_type=\"widget\" data-widget_type=\"heading.default\">\n\t\t\t\t<div class=\"elementor-widget-container\">\n\t\t\t\t\t<h2 class=\"elementor-heading-title elementor-size-xl\">Fuego de Campamento<\/h2>\t\t\t\t<\/div>\n\t\t\t\t<\/div>\n\t\t\t\t\t<\/div>\n\t\t<\/div>\n\t\t\t\t\t<\/div>\n\t\t<\/section>\n\t\t\t\t<section class=\"elementor-section elementor-top-section elementor-element elementor-element-ac434d2 elementor-section-boxed elementor-section-height-default elementor-section-height-default\" data-id=\"ac434d2\" data-element_type=\"section\">\n\t\t\t\t\t\t<div class=\"elementor-container elementor-column-gap-default\">\n\t\t\t\t\t<div class=\"elementor-column elementor-col-100 elementor-top-column elementor-element elementor-element-e6ac304\" data-id=\"e6ac304\" data-element_type=\"column\">\n\t\t\t<div class=\"elementor-widget-wrap elementor-element-populated\">\n\t\t\t\t\t\t<div class=\"elementor-element elementor-element-6ad1974 elementor-widget elementor-widget-spacer\" data-id=\"6ad1974\" data-element_type=\"widget\" data-widget_type=\"spacer.default\">\n\t\t\t\t<div class=\"elementor-widget-container\">\n\t\t\t\t\t\t\t<div class=\"elementor-spacer\">\n\t\t\t<div class=\"elementor-spacer-inner\"><\/div>\n\t\t<\/div>\n\t\t\t\t\t\t<\/div>\n\t\t\t\t<\/div>\n\t\t\t\t\t<\/div>\n\t\t<\/div>\n\t\t\t\t\t<\/div>\n\t\t<\/section>\n\t\t\t\t<section class=\"elementor-section elementor-top-section elementor-element elementor-element-bb654e1 elementor-section-boxed elementor-section-height-default elementor-section-height-default\" data-id=\"bb654e1\" data-element_type=\"section\">\n\t\t\t\t\t\t<div class=\"elementor-container elementor-column-gap-default\">\n\t\t\t\t\t<div class=\"elementor-column elementor-col-50 elementor-top-column elementor-element elementor-element-51af036\" data-id=\"51af036\" data-element_type=\"column\">\n\t\t\t<div class=\"elementor-widget-wrap elementor-element-populated\">\n\t\t\t\t\t\t<div class=\"elementor-element elementor-element-9ec4b57 elementor-widget elementor-widget-text-editor\" data-id=\"9ec4b57\" data-element_type=\"widget\" data-widget_type=\"text-editor.default\">\n\t\t\t\t<div class=\"elementor-widget-container\">\n\t\t\t\t\t\t\t\t\t<p style=\"font-size: 15px; font-style: normal; font-weight: 400;\"><em style=\"font-size: 15px;\"><span style=\"font-weight: 700;\">NOVEDADES (oct 2020- EN 2021):<\/span>&nbsp;<\/em><\/p><p style=\"font-size: 15px; font-style: normal; font-weight: 400; padding-left: 40px;\"><em style=\"font-size: 15px;\"><a href=\"https:\/\/www.youtube.com\/watch?v=Zvoi5zEwa2k\" style=\"font-size: 15px;\">FdC 41 PALEOL\u00cdTICO VIVO<\/a>&nbsp;(Eduardo Cerd\u00e1\/Estefan\u00eda Muro)<\/em><\/p><p style=\"font-size: 15px; font-style: normal; font-weight: 400; padding-left: 40px;\"><em style=\"font-size: 15px;\"><a href=\"https:\/\/www.youtube.com\/watch?v=pK5HqCTp41o&amp;t=395s\" style=\"font-size: 15px;\">FdC 42 DESPACIO, DESPACIO<\/a>&nbsp;(Mar\u00eda Novo)<\/em><\/p><p style=\"font-size: 15px; font-style: normal; font-weight: 400; padding-left: 40px;\"><em style=\"font-size: 15px;\"><a href=\"https:\/\/www.youtube.com\/watch?v=3mjowFOm-w4&amp;t=1453s\" style=\"font-size: 15px;\">FdC 43 EL MOCHUELO BOREAL<\/a>&nbsp;(\u00c1ngel Bonada)<\/em><\/p><p style=\"font-size: 15px; font-style: normal; font-weight: 400; padding-left: 40px;\"><em style=\"font-size: 15px;\"><a href=\"https:\/\/www.youtube.com\/watch?v=28UIMzQGmUw\" style=\"font-size: 15px;\">FdC 44 EL PODER DE LAS HISTORIAS<\/a>&nbsp;(Evelyn Segura)<\/em><\/p><p style=\"font-size: 15px; font-style: normal; font-weight: 400; padding-left: 40px;\"><em style=\"font-size: 15px;\"><a href=\"https:\/\/www.youtube.com\/watch?v=3s3oqFwjMqg\" style=\"font-size: 15px;\">FdC 45 LA CIENCIA CIUDADANA Y LAS ESPECIES INVASORAS<\/a>&nbsp;(Diego Gil Tapetado)<\/em><\/p><p style=\"font-size: 15px; font-style: normal; font-weight: 400; padding-left: 40px;\"><em style=\"font-size: 15px;\"><a href=\"https:\/\/www.youtube.com\/watch?v=PUiZykarG2c\" style=\"font-size: 15px;\">FdC 46 DZANGA-SHANGA, \u00c1FRICA A PIE<\/a>&nbsp;(I\u00f1aki Abella Guti\u00e9rrez)<\/em><\/p><p style=\"font-size: 15px; font-style: normal; font-weight: 400; padding-left: 40px;\"><i><a href=\"https:\/\/www.youtube.com\/watch?v=bOPvHwWM8Xg\" style=\"font-size: 15px;\">FdC 47&nbsp; EL MUNDO EN UNA GOTA DE AGUA<\/a>&nbsp;( Antonio Guill\u00e9n Oterino)<\/i><\/p><p style=\"font-size: 15px; font-style: normal; font-weight: 400; padding-left: 40px;\"><i><a href=\"https:\/\/www.youtube.com\/watch?v=3XvEHk1oIHc\" style=\"font-size: 15px;\">FdC 48 LA CETRER\u00cdA COMO ESTILO DE VIDA<\/a>&nbsp;(Javier Ceballos Aranda)<\/i><\/p><p style=\"font-size: 15px; font-style: normal; font-weight: 400; padding-left: 40px;\"><i><a href=\"https:\/\/www.youtube.com\/watch?v=t4kG0w5xMEQ\" style=\"font-size: 15px;\">FdC 49 ARQUEOLOG\u00cdA SUBMARINA<\/a>&nbsp;(Manel Fum\u00e0s)<\/i><\/p><p style=\"font-size: 15px; font-style: normal; font-weight: 400; padding-left: 40px;\"><em style=\"font-size: 15px;\"><a href=\"https:\/\/www.youtube.com\/watch?v=momhCRyVTVw\" style=\"font-size: 15px;\">FdC 50 LA VIDA DEL \u00abHUMANO DEL BOSQUE\u00bb EN BORNEO<\/a>&nbsp;(Karmele Llano S\u00e1nchez)<\/em><\/p><p style=\"font-size: 15px; font-style: normal; font-weight: 400;\"><span style=\"font-size: 15px; font-weight: 700;\">Todos los relatos&nbsp;<a href=\"https:\/\/www.youtube.com\/channel\/UCGQ5zP4VH-eD5-KHMHs0y5Q\" style=\"font-size: 15px;\">aqu\u00ed<\/a><\/span><\/p><p style=\"font-size: 15px; font-style: normal; font-weight: 400;\"><span style=\"font-size: 15px; font-weight: 700;\">Grupo Facebook de FdC:<\/span>&nbsp;<span style=\"font-size: 15px; font-weight: 700;\"><a href=\"https:\/\/www.facebook.com\/groups\/fuegodecampamento\" target=\"_blank\" rel=\"noopener\" style=\"font-size: 15px; background-color: rgb(255, 255, 255);\">https:\/\/www.facebook.com\/groups\/fuegodecampamento<\/a><\/span><\/p>\t\t\t\t\t\t\t\t<\/div>\n\t\t\t\t<\/div>\n\t\t\t\t\t<\/div>\n\t\t<\/div>\n\t\t\t\t<div class=\"elementor-column elementor-col-50 elementor-top-column elementor-element elementor-element-871198d\" data-id=\"871198d\" data-element_type=\"column\">\n\t\t\t<div class=\"elementor-widget-wrap elementor-element-populated\">\n\t\t\t\t\t\t<div class=\"elementor-element elementor-element-d0c0840 elementor-widget elementor-widget-image\" data-id=\"d0c0840\" data-element_type=\"widget\" data-widget_type=\"image.default\">\n\t\t\t\t<div class=\"elementor-widget-container\">\n\t\t\t\t\t\t\t\t\t\t\t\t\t\t\t<img fetchpriority=\"high\" decoding=\"async\" width=\"380\" height=\"520\" src=\"https:\/\/ecotono.org.es\/wp-content\/uploads\/2020\/09\/img-02-free-img.jpg\" class=\"attachment-large size-large wp-image-868\" alt=\"\" srcset=\"https:\/\/ecotono.org.es\/wp-content\/uploads\/2020\/09\/img-02-free-img.jpg 380w, https:\/\/ecotono.org.es\/wp-content\/uploads\/2020\/09\/img-02-free-img-219x300.jpg 219w\" sizes=\"(max-width: 380px) 100vw, 380px\" \/>\t\t\t\t\t\t\t\t\t\t\t\t\t\t\t<\/div>\n\t\t\t\t<\/div>\n\t\t\t\t\t<\/div>\n\t\t<\/div>\n\t\t\t\t\t<\/div>\n\t\t<\/section>\n\t\t\t\t<section class=\"elementor-section elementor-top-section elementor-element elementor-element-f442b20 elementor-section-boxed elementor-section-height-default elementor-section-height-default\" data-id=\"f442b20\" data-element_type=\"section\">\n\t\t\t\t\t\t<div class=\"elementor-container elementor-column-gap-default\">\n\t\t\t\t\t<div class=\"elementor-column elementor-col-100 elementor-top-column elementor-element elementor-element-f10cd79\" data-id=\"f10cd79\" data-element_type=\"column\">\n\t\t\t<div class=\"elementor-widget-wrap elementor-element-populated\">\n\t\t\t\t\t\t<div class=\"elementor-element elementor-element-3fa7ada elementor-widget elementor-widget-spacer\" data-id=\"3fa7ada\" data-element_type=\"widget\" data-widget_type=\"spacer.default\">\n\t\t\t\t<div class=\"elementor-widget-container\">\n\t\t\t\t\t\t\t<div class=\"elementor-spacer\">\n\t\t\t<div class=\"elementor-spacer-inner\"><\/div>\n\t\t<\/div>\n\t\t\t\t\t\t<\/div>\n\t\t\t\t<\/div>\n\t\t\t\t\t<\/div>\n\t\t<\/div>\n\t\t\t\t\t<\/div>\n\t\t<\/section>\n\t\t\t\t<\/div>\n\t\t","protected":false},"excerpt":{"rendered":"<p>Fuego de Campamento NOVEDADES (oct 2020- EN 2021):&nbsp; FdC 41 PALEOL\u00cdTICO VIVO&nbsp;(Eduardo Cerd\u00e1\/Estefan\u00eda Muro) FdC 42 DESPACIO, DESPACIO&nbsp;(Mar\u00eda Novo) FdC 43 EL MOCHUELO BOREAL&nbsp;(\u00c1ngel Bonada) FdC 44 EL PODER DE LAS HISTORIAS&nbsp;(Evelyn Segura) FdC 45 LA CIENCIA CIUDADANA Y LAS ESPECIES INVASORAS&nbsp;(Diego Gil Tapetado) FdC 46 DZANGA-SHANGA, \u00c1FRICA A PIE&nbsp;(I\u00f1aki Abella Guti\u00e9rrez) FdC 47&nbsp; EL [&hellip;]<\/p>\n","protected":false},"author":1,"featured_media":0,"parent":0,"menu_order":0,"comment_status":"closed","ping_status":"closed","template":"","meta":{"site-sidebar-layout":"no-sidebar","site-content-layout":"page-builder","ast-site-content-layout":"","site-content-style":"default","site-sidebar-style":"default","ast-global-header-display":"","ast-banner-title-visibility":"","ast-main-header-display":"","ast-hfb-above-header-display":"","ast-hfb-below-header-display":"","ast-hfb-mobile-header-display":"","site-post-title":"disabled","ast-breadcrumbs-content":"","ast-featured-img":"disabled","footer-sml-layout":"","theme-transparent-header-meta":"default","adv-header-id-meta":"","stick-header-meta":"","header-above-stick-meta":"","header-main-stick-meta":"","header-below-stick-meta":"","astra-migrate-meta-layouts":"default","ast-page-background-enabled":"default","ast-page-background-meta":{"desktop":{"background-color":"","background-image":"","background-repeat":"repeat","background-position":"center center","background-size":"auto","background-attachment":"scroll","background-type":"","background-media":"","overlay-type":"","overlay-color":"","overlay-opacity":"","overlay-gradient":""},"tablet":{"background-color":"","background-image":"","background-repeat":"repeat","background-position":"center center","background-size":"auto","background-attachment":"scroll","background-type":"","background-media":"","overlay-type":"","overlay-color":"","overlay-opacity":"","overlay-gradient":""},"mobile":{"background-color":"","background-image":"","background-repeat":"repeat","background-position":"center center","background-size":"auto","background-attachment":"scroll","background-type":"","background-media":"","overlay-type":"","overlay-color":"","overlay-opacity":"","overlay-gradient":""}},"ast-content-background-meta":{"desktop":{"background-color":"var(--ast-global-color-5)","background-image":"","background-repeat":"repeat","background-position":"center center","background-size":"auto","background-attachment":"scroll","background-type":"","background-media":"","overlay-type":"","overlay-color":"","overlay-opacity":"","overlay-gradient":""},"tablet":{"background-color":"var(--ast-global-color-5)","background-image":"","background-repeat":"repeat","background-position":"center center","background-size":"auto","background-attachment":"scroll","background-type":"","background-media":"","overlay-type":"","overlay-color":"","overlay-opacity":"","overlay-gradient":""},"mobile":{"background-color":"var(--ast-global-color-5)","background-image":"","background-repeat":"repeat","background-position":"center center","background-size":"auto","background-attachment":"scroll","background-type":"","background-media":"","overlay-type":"","overlay-color":"","overlay-opacity":"","overlay-gradient":""}},"footnotes":""},"class_list":["post-865","page","type-page","status-publish","hentry"],"_links":{"self":[{"href":"https:\/\/ecotono.org.es\/index.php?rest_route=\/wp\/v2\/pages\/865","targetHints":{"allow":["GET"]}}],"collection":[{"href":"https:\/\/ecotono.org.es\/index.php?rest_route=\/wp\/v2\/pages"}],"about":[{"href":"https:\/\/ecotono.org.es\/index.php?rest_route=\/wp\/v2\/types\/page"}],"author":[{"embeddable":true,"href":"https:\/\/ecotono.org.es\/index.php?rest_route=\/wp\/v2\/users\/1"}],"replies":[{"embeddable":true,"href":"https:\/\/ecotono.org.es\/index.php?rest_route=%2Fwp%2Fv2%2Fcomments&post=865"}],"version-history":[{"count":5,"href":"https:\/\/ecotono.org.es\/index.php?rest_route=\/wp\/v2\/pages\/865\/revisions"}],"predecessor-version":[{"id":1550,"href":"https:\/\/ecotono.org.es\/index.php?rest_route=\/wp\/v2\/pages\/865\/revisions\/1550"}],"wp:attachment":[{"href":"https:\/\/ecotono.org.es\/index.php?rest_route=%2Fwp%2Fv2%2Fmedia&parent=865"}],"curies":[{"name":"wp","href":"https:\/\/api.w.org\/{rel}","templated":true}]}}