{"id":690,"date":"2020-09-15T10:13:05","date_gmt":"2020-09-15T10:13:05","guid":{"rendered":"https:\/\/ecotono.org.es\/?page_id=690"},"modified":"2025-02-18T11:50:36","modified_gmt":"2025-02-18T11:50:36","slug":"curso-practico-de-botanica-y-etnobotanica-e-iniciacion-al-trabajo-de-campo","status":"publish","type":"page","link":"https:\/\/ecotono.org.es\/?page_id=690","title":{"rendered":"Curso pr\u00e1ctico de Bot\u00e1nica y Etnobot\u00e1nica e iniciaci\u00f3n al trabajo de campo\u200b"},"content":{"rendered":"\t\t<div data-elementor-type=\"wp-page\" data-elementor-id=\"690\" class=\"elementor elementor-690\" data-elementor-post-type=\"page\">\n\t\t\t\t\t\t<section class=\"elementor-section elementor-top-section elementor-element elementor-element-33dea981 elementor-section-content-middle elementor-section-boxed elementor-section-height-default elementor-section-height-default\" data-id=\"33dea981\" data-element_type=\"section\" data-settings=\"{&quot;background_background&quot;:&quot;classic&quot;}\">\n\t\t\t\t\t\t\t<div class=\"elementor-background-overlay\"><\/div>\n\t\t\t\t\t\t\t<div class=\"elementor-container elementor-column-gap-no\">\n\t\t\t\t\t<div class=\"elementor-column elementor-col-100 elementor-top-column elementor-element elementor-element-ef139e1\" data-id=\"ef139e1\" data-element_type=\"column\">\n\t\t\t<div class=\"elementor-widget-wrap elementor-element-populated\">\n\t\t\t\t\t\t<div class=\"elementor-element elementor-element-50c05013 elementor-widget elementor-widget-heading\" data-id=\"50c05013\" data-element_type=\"widget\" data-widget_type=\"heading.default\">\n\t\t\t\t<div class=\"elementor-widget-container\">\n\t\t\t\t\t<h1 class=\"elementor-heading-title elementor-size-large\">Curso pr\u00e1ctico de Bot\u00e1nica y Etnobot\u00e1nica e iniciaci\u00f3n al trabajo de campo\u200b<\/h1>\t\t\t\t<\/div>\n\t\t\t\t<\/div>\n\t\t\t\t\t<\/div>\n\t\t<\/div>\n\t\t\t\t\t<\/div>\n\t\t<\/section>\n\t\t\t\t<section class=\"elementor-section elementor-top-section elementor-element elementor-element-68c7821 elementor-section-boxed elementor-section-height-default elementor-section-height-default\" data-id=\"68c7821\" data-element_type=\"section\">\n\t\t\t\t\t\t<div class=\"elementor-container elementor-column-gap-default\">\n\t\t\t\t\t<div class=\"elementor-column elementor-col-100 elementor-top-column elementor-element elementor-element-b5be205\" data-id=\"b5be205\" data-element_type=\"column\">\n\t\t\t<div class=\"elementor-widget-wrap elementor-element-populated\">\n\t\t\t\t\t\t<div class=\"elementor-element elementor-element-09ecc30 elementor-widget elementor-widget-spacer\" data-id=\"09ecc30\" data-element_type=\"widget\" data-widget_type=\"spacer.default\">\n\t\t\t\t<div class=\"elementor-widget-container\">\n\t\t\t\t\t\t\t<div class=\"elementor-spacer\">\n\t\t\t<div class=\"elementor-spacer-inner\"><\/div>\n\t\t<\/div>\n\t\t\t\t\t\t<\/div>\n\t\t\t\t<\/div>\n\t\t\t\t\t<\/div>\n\t\t<\/div>\n\t\t\t\t\t<\/div>\n\t\t<\/section>\n\t\t\t\t<section class=\"elementor-section elementor-top-section elementor-element elementor-element-6033d17 elementor-section-boxed elementor-section-height-default elementor-section-height-default\" data-id=\"6033d17\" data-element_type=\"section\">\n\t\t\t\t\t\t<div class=\"elementor-container elementor-column-gap-default\">\n\t\t\t\t\t<div class=\"elementor-column elementor-col-100 elementor-top-column elementor-element elementor-element-7882855\" data-id=\"7882855\" data-element_type=\"column\">\n\t\t\t<div class=\"elementor-widget-wrap elementor-element-populated\">\n\t\t\t\t\t\t<div class=\"elementor-element elementor-element-d5df4eb elementor-widget elementor-widget-text-editor\" data-id=\"d5df4eb\" data-element_type=\"widget\" data-widget_type=\"text-editor.default\">\n\t\t\t\t<div class=\"elementor-widget-container\">\n\t\t\t\t\t\t\t\t\t<p>A menudo no somos conscientes de la importancia que han tenido y tienen las plantas en nuestra vida. Es necesario recordarlo, pues a ellas debemos incluso lo que somos y esto no es exagerado; pensemos en lo que represent\u00f3 la interpretaci\u00f3n y el manejo de la semilla, base de la revoluci\u00f3n neol\u00edtica, el momento m\u00e1s importante de la Humanidad. Se puede hablar incluso de una <strong>coevoluci\u00f3n hombres-plantas<\/strong>, aunque las plantas estaban aqu\u00ed mucho antes que nosotros, exactamente m\u00e1s de 600 millones de a\u00f1os antes.<\/p>\n<p>Este peque\u00f1o curso tiene como objetivo conocer y disfrutar del mundo vegetal y del entorno privilegiado de Peguerinos, donde est\u00e1 nuestra aula albergue Ecotono, o del de all\u00e1 donde nos desplacemos en otras localidades. Lo dicho ser\u00e1 en cursos presenciales, para los online pondremos a disposici\u00f3n una ficha espec\u00edfica que explica cada curso. Estudiaremos juntos las utilidades de las plantas: <strong>para qu\u00e9 valen y qu\u00e9 indican.<\/strong><\/p>\n<p>Las plantas son las protagonistas en este fin de semana. El curso tiene un car\u00e1cter eminentemente <strong>pr\u00e1ctico <\/strong>con la participaci\u00f3n activa de todos los asistentes. Nos movemos en el \u00e1mbito de la etnobot\u00e1nica, la bot\u00e1nica de campo y la interpretaci\u00f3n del paisaje, todo ello en esta primavera \u00fanica e irrepetible.<\/p>\n<p><span style=\"font-weight: 700; font-size: 15px; font-style: normal;\">CONTACTO:<\/span><span style=\"font-size: 15px; font-style: normal; font-weight: 400;\">&nbsp;<\/span><span style=\"font-size: 15px; font-style: normal; font-weight: 400; color: rgb(0, 0, 255);\">juanecotono@gmail.com<\/span><span style=\"font-size: 15px; font-style: normal; font-weight: 400;\">&nbsp;y&nbsp;<\/span><span style=\"font-size: 15px; font-style: normal; font-weight: 400; color: rgb(0, 0, 255);\">646 921 929<\/span><br><\/p>\t\t\t\t\t\t\t\t<\/div>\n\t\t\t\t<\/div>\n\t\t\t\t\t<\/div>\n\t\t<\/div>\n\t\t\t\t\t<\/div>\n\t\t<\/section>\n\t\t\t\t<section class=\"elementor-section elementor-top-section elementor-element elementor-element-d5982a4 elementor-section-boxed elementor-section-height-default elementor-section-height-default\" data-id=\"d5982a4\" data-element_type=\"section\">\n\t\t\t\t\t\t<div class=\"elementor-container elementor-column-gap-default\">\n\t\t\t\t\t<div class=\"elementor-column elementor-col-50 elementor-top-column elementor-element elementor-element-79a290f\" data-id=\"79a290f\" data-element_type=\"column\">\n\t\t\t<div class=\"elementor-widget-wrap elementor-element-populated\">\n\t\t\t\t\t\t<div class=\"elementor-element elementor-element-44ba1fd elementor-widget elementor-widget-text-editor\" data-id=\"44ba1fd\" data-element_type=\"widget\" data-widget_type=\"text-editor.default\">\n\t\t\t\t<div class=\"elementor-widget-container\">\n\t\t\t\t\t\t\t\t\t<p style=\"text-align: center;\">FORMATO ON-LINE: <span style=\"color: #ff0000;\"><strong>NO<\/strong><\/span> <strong>Disponible<\/strong>.\u00a0<\/p><p><strong>\u00daltima edici\u00f3n en NOVIEMBRE 2022.<\/strong><\/p><p><span style=\"color: #ff0000;\"> <a href=\"https:\/\/ecotono.org.es\/wp-content\/uploads\/2021\/08\/MODELO-FICHA-BOTANICA.pdf\" target=\"_blank\" rel=\"noopener\">MODELO FICHA BOT\u00c1NICA<\/a><\/span><\/p>\t\t\t\t\t\t\t\t<\/div>\n\t\t\t\t<\/div>\n\t\t\t\t\t<\/div>\n\t\t<\/div>\n\t\t\t\t<div class=\"elementor-column elementor-col-50 elementor-top-column elementor-element elementor-element-14edc65\" data-id=\"14edc65\" data-element_type=\"column\">\n\t\t\t<div class=\"elementor-widget-wrap elementor-element-populated\">\n\t\t\t\t\t\t<div class=\"elementor-element elementor-element-21a806e elementor-widget elementor-widget-text-editor\" data-id=\"21a806e\" data-element_type=\"widget\" data-widget_type=\"text-editor.default\">\n\t\t\t\t<div class=\"elementor-widget-container\">\n\t\t\t\t\t\t\t\t\t<p style=\"text-align: center;\">FORMATO PRESENCIAL: <strong>Disponible<\/strong>.<\/p>\n<p><strong>Pr\u00f3xima edici\u00f3n en<\/strong><span style=\"color: #ff0000;\"><strong> 6-8 JUNIO 2025.<\/strong><\/span><\/p>\n<p><a href=\"https:\/\/ecotono.org.es\/wp-content\/uploads\/2025\/02\/FICHA-PROGRAMA-TIERRA-PINARES-1.pdf\" target=\"_blank\" rel=\"noopener\"><span style=\"color: #0000ff;\"><strong>San Mart\u00edn y Mudri\u00e1n. Tierra Pinares (Segovia)<\/strong><\/span><\/a><\/p>\n<p><a href=\"https:\/\/ecotono.org.es\/wp-content\/uploads\/2024\/01\/FICHA-PROGRAMA-CERVERA-ETNOBOTANICA.pdf\" target=\"_blank\" rel=\"noopener\"><span style=\"font-size: 15px; color: #3366ff;\"><span style=\"color: #ff0000;\">FICHA CERVERA DE PISUERGA (PALENCIA) ETNOBOT\u00c1NICA<\/span><\/span><\/a><span style=\"font-size: 15px; font-style: normal; font-weight: 400; color: #ff0000;\">&nbsp;(junio 2024)<\/span><span style=\"color: #ff0000;\"><strong><br><\/strong><\/span><\/p>\n<p><a href=\"https:\/\/ecotono.org.es\/wp-content\/uploads\/2023\/03\/FICHA-LEON-ETNOBOTANICA.pdf\" target=\"_blank\" rel=\"noopener\">FICHA ALTO BERNESGA (LE\u00d3N) ETNOBOT\u00c1NICA<\/a><span style=\"color: #ff0000;\">&nbsp;<\/span><span style=\"color: rgb(255, 0, 0); font-size: 15px; font-style: normal; font-weight: 400;\">(junio 2023)<\/span><\/p>\n<p><a href=\"https:\/\/ecotono.org.es\/wp-content\/uploads\/2022\/03\/FICHA-ARAGOSA-ETNOBOTANICA.pdf\" target=\"_blank\" rel=\"noopener\">FICHA ARAGOSA<\/a><a href=\"https:\/\/ecotono.org.es\/wp-content\/uploads\/2022\/03\/FICHA-ARAGOSA-ETNOBOTANICA.pdf\" target=\"_blank\" rel=\"noopener\"> ETNOBOT\u00c1NICA<\/a>&nbsp;<span style=\"color: rgb(255, 0, 0); font-size: 15px; font-style: normal; font-weight: 400;\">(junio 2024)<\/span><\/p>\t\t\t\t\t\t\t\t<\/div>\n\t\t\t\t<\/div>\n\t\t\t\t\t<\/div>\n\t\t<\/div>\n\t\t\t\t\t<\/div>\n\t\t<\/section>\n\t\t\t\t<section class=\"elementor-section elementor-top-section elementor-element elementor-element-3fd9f4d8 elementor-section-boxed elementor-section-height-default elementor-section-height-default\" data-id=\"3fd9f4d8\" data-element_type=\"section\">\n\t\t\t\t\t\t<div class=\"elementor-container elementor-column-gap-default\">\n\t\t\t\t\t<div class=\"elementor-column elementor-col-100 elementor-top-column elementor-element elementor-element-2eb7859a\" data-id=\"2eb7859a\" data-element_type=\"column\">\n\t\t\t<div class=\"elementor-widget-wrap elementor-element-populated\">\n\t\t\t\t\t\t<div class=\"elementor-element elementor-element-2fcdeefa elementor-pagination-position-outside elementor--h-position-center elementor--v-position-middle elementor-arrows-position-inside elementor-widget elementor-widget-slides\" data-id=\"2fcdeefa\" data-element_type=\"widget\" data-settings=\"{&quot;navigation&quot;:&quot;both&quot;,&quot;infinite&quot;:&quot;yes&quot;,&quot;transition&quot;:&quot;slide&quot;,&quot;transition_speed&quot;:500}\" data-widget_type=\"slides.default\">\n\t\t\t\t<div class=\"elementor-widget-container\">\n\t\t\t\t\t\t\t\t\t<div class=\"elementor-swiper\">\n\t\t\t\t\t<div class=\"elementor-slides-wrapper elementor-main-swiper swiper\" role=\"region\" aria-roledescription=\"carousel\" aria-label=\"Diapositivas\" dir=\"ltr\" data-animation=\"fadeInUp\">\n\t\t\t\t<div class=\"swiper-wrapper elementor-slides\">\n\t\t\t\t\t\t\t\t\t\t<div class=\"elementor-repeater-item-ea82c36 swiper-slide\" role=\"group\" aria-roledescription=\"slide\"><div class=\"swiper-slide-bg\" role=\"img\" aria-label=\"IMG_0480_1\"><\/div><div class=\"swiper-slide-inner\" ><div class=\"swiper-slide-contents\"><div  class=\"elementor-button elementor-slide-button elementor-size-xs\">Dos alumnas andando por el campo<\/div><\/div><\/div><\/div><div class=\"elementor-repeater-item-958ee5f swiper-slide\" role=\"group\" aria-roledescription=\"slide\"><div class=\"swiper-slide-bg\" role=\"img\" aria-label=\"DSC03258\"><\/div><div class=\"swiper-slide-inner\" ><div class=\"swiper-slide-contents\"><div  class=\"elementor-button elementor-slide-button elementor-size-xs\">Emilio Blanco muestra instrumentos tradicionales a los alumnos<\/div><\/div><\/div><\/div><div class=\"elementor-repeater-item-ec6ee88 swiper-slide\" role=\"group\" aria-roledescription=\"slide\"><div class=\"swiper-slide-bg\" role=\"img\" aria-label=\"DSC_0209-e1600851545469\"><\/div><div class=\"swiper-slide-inner\" ><div class=\"swiper-slide-contents\"><div  class=\"elementor-button elementor-slide-button elementor-size-xs\">Medici\u00f3n de \u00e1rbol singular<\/div><\/div><\/div><\/div><div class=\"elementor-repeater-item-df9823b swiper-slide\" role=\"group\" aria-roledescription=\"slide\"><div class=\"swiper-slide-bg\" role=\"img\" aria-label=\"Imagen1\"><\/div><div class=\"swiper-slide-inner\" ><div class=\"swiper-slide-contents\"><div class=\"elementor-slide-description\">Alto Bernesga (Le\u00f3n)<\/div><\/div><\/div><\/div><div class=\"elementor-repeater-item-64752a1 swiper-slide\" role=\"group\" aria-roledescription=\"slide\"><div class=\"swiper-slide-bg\" role=\"img\" aria-label=\"20220618_203844\"><\/div><div class=\"swiper-slide-inner\" ><div class=\"swiper-slide-contents\"><div class=\"elementor-slide-description\">Entrevista etnobot\u00e1nica a Poblaci\u00f3n local.\nAragosa<\/div><\/div><\/div><\/div>\t\t\t\t<\/div>\n\t\t\t\t\t\t\t\t\t\t\t\t\t\t\t<div class=\"elementor-swiper-button elementor-swiper-button-prev\" role=\"button\" tabindex=\"0\" aria-label=\"Diapositiva anterior\">\n\t\t\t\t\t\t\t<i aria-hidden=\"true\" class=\"eicon-chevron-left\"><\/i>\t\t\t\t\t\t<\/div>\n\t\t\t\t\t\t<div class=\"elementor-swiper-button elementor-swiper-button-next\" role=\"button\" tabindex=\"0\" aria-label=\"Diapositiva siguiente\">\n\t\t\t\t\t\t\t<i aria-hidden=\"true\" class=\"eicon-chevron-right\"><\/i>\t\t\t\t\t\t<\/div>\n\t\t\t\t\t\t\t\t\t\t\t\t\t\t\t\t<div class=\"swiper-pagination\"><\/div>\n\t\t\t\t\t\t\t\t\t\t\t\t<\/div>\n\t\t\t\t<\/div>\n\t\t\t\t\t\t\t\t<\/div>\n\t\t\t\t<\/div>\n\t\t\t\t\t<\/div>\n\t\t<\/div>\n\t\t\t\t\t<\/div>\n\t\t<\/section>\n\t\t\t\t<section class=\"elementor-section elementor-top-section elementor-element elementor-element-a61e550 elementor-section-boxed elementor-section-height-default elementor-section-height-default\" data-id=\"a61e550\" data-element_type=\"section\">\n\t\t\t\t\t\t<div class=\"elementor-container elementor-column-gap-default\">\n\t\t\t\t\t<div class=\"elementor-column elementor-col-100 elementor-top-column elementor-element elementor-element-becf733\" data-id=\"becf733\" data-element_type=\"column\">\n\t\t\t<div class=\"elementor-widget-wrap elementor-element-populated\">\n\t\t\t\t\t\t<div class=\"elementor-element elementor-element-56ce689 elementor-widget elementor-widget-spacer\" data-id=\"56ce689\" data-element_type=\"widget\" data-widget_type=\"spacer.default\">\n\t\t\t\t<div class=\"elementor-widget-container\">\n\t\t\t\t\t\t\t<div class=\"elementor-spacer\">\n\t\t\t<div class=\"elementor-spacer-inner\"><\/div>\n\t\t<\/div>\n\t\t\t\t\t\t<\/div>\n\t\t\t\t<\/div>\n\t\t\t\t\t<\/div>\n\t\t<\/div>\n\t\t\t\t\t<\/div>\n\t\t<\/section>\n\t\t\t\t<\/div>\n\t\t","protected":false},"excerpt":{"rendered":"<p>Curso pr\u00e1ctico de Bot\u00e1nica y Etnobot\u00e1nica e iniciaci\u00f3n al trabajo de campo\u200b A menudo no somos conscientes de la importancia que han tenido y tienen las plantas en nuestra vida. Es necesario recordarlo, pues a ellas debemos incluso lo que somos y esto no es exagerado; pensemos en lo que represent\u00f3 la interpretaci\u00f3n y el [&hellip;]<\/p>\n","protected":false},"author":1,"featured_media":0,"parent":0,"menu_order":0,"comment_status":"closed","ping_status":"closed","template":"","meta":{"site-sidebar-layout":"no-sidebar","site-content-layout":"page-builder","ast-site-content-layout":"","site-content-style":"default","site-sidebar-style":"default","ast-global-header-display":"","ast-banner-title-visibility":"","ast-main-header-display":"","ast-hfb-above-header-display":"","ast-hfb-below-header-display":"","ast-hfb-mobile-header-display":"","site-post-title":"disabled","ast-breadcrumbs-content":"","ast-featured-img":"disabled","footer-sml-layout":"","theme-transparent-header-meta":"default","adv-header-id-meta":"","stick-header-meta":"","header-above-stick-meta":"","header-main-stick-meta":"","header-below-stick-meta":"","astra-migrate-meta-layouts":"default","ast-page-background-enabled":"default","ast-page-background-meta":{"desktop":{"background-color":"","background-image":"","background-repeat":"repeat","background-position":"center center","background-size":"auto","background-attachment":"scroll","background-type":"","background-media":"","overlay-type":"","overlay-color":"","overlay-opacity":"","overlay-gradient":""},"tablet":{"background-color":"","background-image":"","background-repeat":"repeat","background-position":"center center","background-size":"auto","background-attachment":"scroll","background-type":"","background-media":"","overlay-type":"","overlay-color":"","overlay-opacity":"","overlay-gradient":""},"mobile":{"background-color":"","background-image":"","background-repeat":"repeat","background-position":"center center","background-size":"auto","background-attachment":"scroll","background-type":"","background-media":"","overlay-type":"","overlay-color":"","overlay-opacity":"","overlay-gradient":""}},"ast-content-background-meta":{"desktop":{"background-color":"var(--ast-global-color-5)","background-image":"","background-repeat":"repeat","background-position":"center center","background-size":"auto","background-attachment":"scroll","background-type":"","background-media":"","overlay-type":"","overlay-color":"","overlay-opacity":"","overlay-gradient":""},"tablet":{"background-color":"var(--ast-global-color-5)","background-image":"","background-repeat":"repeat","background-position":"center center","background-size":"auto","background-attachment":"scroll","background-type":"","background-media":"","overlay-type":"","overlay-color":"","overlay-opacity":"","overlay-gradient":""},"mobile":{"background-color":"var(--ast-global-color-5)","background-image":"","background-repeat":"repeat","background-position":"center center","background-size":"auto","background-attachment":"scroll","background-type":"","background-media":"","overlay-type":"","overlay-color":"","overlay-opacity":"","overlay-gradient":""}},"footnotes":""},"class_list":["post-690","page","type-page","status-publish","hentry"],"_links":{"self":[{"href":"https:\/\/ecotono.org.es\/index.php?rest_route=\/wp\/v2\/pages\/690","targetHints":{"allow":["GET"]}}],"collection":[{"href":"https:\/\/ecotono.org.es\/index.php?rest_route=\/wp\/v2\/pages"}],"about":[{"href":"https:\/\/ecotono.org.es\/index.php?rest_route=\/wp\/v2\/types\/page"}],"author":[{"embeddable":true,"href":"https:\/\/ecotono.org.es\/index.php?rest_route=\/wp\/v2\/users\/1"}],"replies":[{"embeddable":true,"href":"https:\/\/ecotono.org.es\/index.php?rest_route=%2Fwp%2Fv2%2Fcomments&post=690"}],"version-history":[{"count":107,"href":"https:\/\/ecotono.org.es\/index.php?rest_route=\/wp\/v2\/pages\/690\/revisions"}],"predecessor-version":[{"id":2772,"href":"https:\/\/ecotono.org.es\/index.php?rest_route=\/wp\/v2\/pages\/690\/revisions\/2772"}],"wp:attachment":[{"href":"https:\/\/ecotono.org.es\/index.php?rest_route=%2Fwp%2Fv2%2Fmedia&parent=690"}],"curies":[{"name":"wp","href":"https:\/\/api.w.org\/{rel}","templated":true}]}}